{"id":1555,"date":"2023-05-07T20:27:12","date_gmt":"2023-05-07T16:27:12","guid":{"rendered":"https:\/\/villadelisle.re\/index.php\/home\/"},"modified":"2023-05-29T10:41:13","modified_gmt":"2023-05-29T06:41:13","slug":"home","status":"publish","type":"page","link":"https:\/\/villadelisle.re\/index.php\/home\/?lang=en","title":{"rendered":"Home"},"content":{"rendered":"","protected":false},"excerpt":{"rendered":"","protected":false},"author":1,"featured_media":1434,"parent":0,"menu_order":0,"comment_status":"open","ping_status":"open","template":"template-homepage-1.php","meta":{"_monsterinsights_skip_tracking":false,"_monsterinsights_sitenote_active":false,"_monsterinsights_sitenote_note":"","_monsterinsights_sitenote_category":0,"footnotes":""},"class_list":["post-1555","page","type-page","status-publish","has-post-thumbnail","hentry"],"yoast_head":"<!-- This site is optimized with the Yoast SEO plugin v26.6 - https:\/\/yoast.com\/wordpress\/plugins\/seo\/ -->\n<title>Hotel &amp; SPA Villa Delisle (4*): a hotel in Reunion Island (974)<\/title>\n<meta name=\"description\" content=\"Located near the lagoon of Saint-Pierre in Reunion Island (974), our hotel &amp; SPA 4* will seduce you. Book your hotel in Reunion Island\" \/>\n<meta name=\"robots\" content=\"index, follow, max-snippet:-1, max-image-preview:large, max-video-preview:-1\" \/>\n<link rel=\"canonical\" href=\"https:\/\/villadelisle.re\/index.php\/home\/?lang=en\" \/>\n<meta property=\"og:locale\" content=\"fr_FR\" \/>\n<meta property=\"og:type\" content=\"article\" \/>\n<meta property=\"og:title\" content=\"Hotel &amp; SPA Villa Delisle (4*): a hotel in Reunion Island (974)\" \/>\n<meta property=\"og:description\" content=\"Located near the lagoon of Saint-Pierre in Reunion Island (974), our hotel &amp; SPA 4* will seduce you. Book your hotel in Reunion Island\" \/>\n<meta property=\"og:url\" content=\"https:\/\/villadelisle.re\/index.php\/home\/?lang=en\" \/>\n<meta property=\"og:site_name\" content=\"H\u00f4tel Villa Delisle - Ile de la R\u00e9union (974)\" \/>\n<meta property=\"article:publisher\" content=\"https:\/\/www.facebook.com\/Hotel.Villa.Delisle\/\" \/>\n<meta property=\"article:modified_time\" content=\"2023-05-29T06:41:13+00:00\" \/>\n<meta property=\"og:image\" content=\"https:\/\/villadelisle.re\/wp-content\/uploads\/2022\/09\/DJI_000705-1024x576-1.jpeg\" \/>\n\t<meta property=\"og:image:width\" content=\"1024\" \/>\n\t<meta property=\"og:image:height\" content=\"576\" \/>\n\t<meta property=\"og:image:type\" content=\"image\/jpeg\" \/>\n<meta name=\"twitter:card\" content=\"summary_large_image\" \/>\n<script type=\"application\/ld+json\" class=\"yoast-schema-graph\">{\"@context\":\"https:\/\/schema.org\",\"@graph\":[{\"@type\":\"WebPage\",\"@id\":\"https:\/\/villadelisle.re\/index.php\/home\/?lang=en\",\"url\":\"https:\/\/villadelisle.re\/index.php\/home\/?lang=en\",\"name\":\"Hotel & SPA Villa Delisle (4*): a hotel in Reunion Island (974)\",\"isPartOf\":{\"@id\":\"https:\/\/villadelisle.re\/#website\"},\"primaryImageOfPage\":{\"@id\":\"https:\/\/villadelisle.re\/index.php\/home\/?lang=en#primaryimage\"},\"image\":{\"@id\":\"https:\/\/villadelisle.re\/index.php\/home\/?lang=en#primaryimage\"},\"thumbnailUrl\":\"https:\/\/villadelisle.re\/wp-content\/uploads\/2022\/09\/DJI_000705-1024x576-1.jpeg\",\"datePublished\":\"2023-05-07T16:27:12+00:00\",\"dateModified\":\"2023-05-29T06:41:13+00:00\",\"description\":\"Located near the lagoon of Saint-Pierre in Reunion Island (974), our hotel & SPA 4* will seduce you. Book your hotel in Reunion Island\",\"breadcrumb\":{\"@id\":\"https:\/\/villadelisle.re\/index.php\/home\/?lang=en#breadcrumb\"},\"inLanguage\":\"fr-FR\",\"potentialAction\":[{\"@type\":\"ReadAction\",\"target\":[\"https:\/\/villadelisle.re\/index.php\/home\/?lang=en\"]}]},{\"@type\":\"ImageObject\",\"inLanguage\":\"fr-FR\",\"@id\":\"https:\/\/villadelisle.re\/index.php\/home\/?lang=en#primaryimage\",\"url\":\"https:\/\/villadelisle.re\/wp-content\/uploads\/2022\/09\/DJI_000705-1024x576-1.jpeg\",\"contentUrl\":\"https:\/\/villadelisle.re\/wp-content\/uploads\/2022\/09\/DJI_000705-1024x576-1.jpeg\",\"width\":1024,\"height\":576,\"caption\":\"H\u00f4tel Villa Delisle sur Saint-Pierre de La R\u00e9union\"},{\"@type\":\"BreadcrumbList\",\"@id\":\"https:\/\/villadelisle.re\/index.php\/home\/?lang=en#breadcrumb\",\"itemListElement\":[{\"@type\":\"ListItem\",\"position\":1,\"name\":\"Accueil\",\"item\":\"https:\/\/villadelisle.re\/\"},{\"@type\":\"ListItem\",\"position\":2,\"name\":\"Home\"}]},{\"@type\":\"WebSite\",\"@id\":\"https:\/\/villadelisle.re\/#website\",\"url\":\"https:\/\/villadelisle.re\/\",\"name\":\"H\u00f4tel Villa Delisle - Ile de la R\u00e9union (974)\",\"description\":\"G\u00e9n\u00e9rosit\u00e9, R\u00eave, Sourire\",\"potentialAction\":[{\"@type\":\"SearchAction\",\"target\":{\"@type\":\"EntryPoint\",\"urlTemplate\":\"https:\/\/villadelisle.re\/?s={search_term_string}\"},\"query-input\":{\"@type\":\"PropertyValueSpecification\",\"valueRequired\":true,\"valueName\":\"search_term_string\"}}],\"inLanguage\":\"fr-FR\"}]}<\/script>\n<!-- \/ Yoast SEO plugin. -->","yoast_head_json":{"title":"Hotel & SPA Villa Delisle (4*): a hotel in Reunion Island (974)","description":"Located near the lagoon of Saint-Pierre in Reunion Island (974), our hotel & SPA 4* will seduce you. Book your hotel in Reunion Island","robots":{"index":"index","follow":"follow","max-snippet":"max-snippet:-1","max-image-preview":"max-image-preview:large","max-video-preview":"max-video-preview:-1"},"canonical":"https:\/\/villadelisle.re\/index.php\/home\/?lang=en","og_locale":"fr_FR","og_type":"article","og_title":"Hotel & SPA Villa Delisle (4*): a hotel in Reunion Island (974)","og_description":"Located near the lagoon of Saint-Pierre in Reunion Island (974), our hotel & SPA 4* will seduce you. Book your hotel in Reunion Island","og_url":"https:\/\/villadelisle.re\/index.php\/home\/?lang=en","og_site_name":"H\u00f4tel Villa Delisle - Ile de la R\u00e9union (974)","article_publisher":"https:\/\/www.facebook.com\/Hotel.Villa.Delisle\/","article_modified_time":"2023-05-29T06:41:13+00:00","og_image":[{"width":1024,"height":576,"url":"https:\/\/villadelisle.re\/wp-content\/uploads\/2022\/09\/DJI_000705-1024x576-1.jpeg","type":"image\/jpeg"}],"twitter_card":"summary_large_image","schema":{"@context":"https:\/\/schema.org","@graph":[{"@type":"WebPage","@id":"https:\/\/villadelisle.re\/index.php\/home\/?lang=en","url":"https:\/\/villadelisle.re\/index.php\/home\/?lang=en","name":"Hotel & SPA Villa Delisle (4*): a hotel in Reunion Island (974)","isPartOf":{"@id":"https:\/\/villadelisle.re\/#website"},"primaryImageOfPage":{"@id":"https:\/\/villadelisle.re\/index.php\/home\/?lang=en#primaryimage"},"image":{"@id":"https:\/\/villadelisle.re\/index.php\/home\/?lang=en#primaryimage"},"thumbnailUrl":"https:\/\/villadelisle.re\/wp-content\/uploads\/2022\/09\/DJI_000705-1024x576-1.jpeg","datePublished":"2023-05-07T16:27:12+00:00","dateModified":"2023-05-29T06:41:13+00:00","description":"Located near the lagoon of Saint-Pierre in Reunion Island (974), our hotel & SPA 4* will seduce you. Book your hotel in Reunion Island","breadcrumb":{"@id":"https:\/\/villadelisle.re\/index.php\/home\/?lang=en#breadcrumb"},"inLanguage":"fr-FR","potentialAction":[{"@type":"ReadAction","target":["https:\/\/villadelisle.re\/index.php\/home\/?lang=en"]}]},{"@type":"ImageObject","inLanguage":"fr-FR","@id":"https:\/\/villadelisle.re\/index.php\/home\/?lang=en#primaryimage","url":"https:\/\/villadelisle.re\/wp-content\/uploads\/2022\/09\/DJI_000705-1024x576-1.jpeg","contentUrl":"https:\/\/villadelisle.re\/wp-content\/uploads\/2022\/09\/DJI_000705-1024x576-1.jpeg","width":1024,"height":576,"caption":"H\u00f4tel Villa Delisle sur Saint-Pierre de La R\u00e9union"},{"@type":"BreadcrumbList","@id":"https:\/\/villadelisle.re\/index.php\/home\/?lang=en#breadcrumb","itemListElement":[{"@type":"ListItem","position":1,"name":"Accueil","item":"https:\/\/villadelisle.re\/"},{"@type":"ListItem","position":2,"name":"Home"}]},{"@type":"WebSite","@id":"https:\/\/villadelisle.re\/#website","url":"https:\/\/villadelisle.re\/","name":"H\u00f4tel Villa Delisle - Ile de la R\u00e9union (974)","description":"G\u00e9n\u00e9rosit\u00e9, R\u00eave, Sourire","potentialAction":[{"@type":"SearchAction","target":{"@type":"EntryPoint","urlTemplate":"https:\/\/villadelisle.re\/?s={search_term_string}"},"query-input":{"@type":"PropertyValueSpecification","valueRequired":true,"valueName":"search_term_string"}}],"inLanguage":"fr-FR"}]}},"_links":{"self":[{"href":"https:\/\/villadelisle.re\/index.php\/wp-json\/wp\/v2\/pages\/1555","targetHints":{"allow":["GET"]}}],"collection":[{"href":"https:\/\/villadelisle.re\/index.php\/wp-json\/wp\/v2\/pages"}],"about":[{"href":"https:\/\/villadelisle.re\/index.php\/wp-json\/wp\/v2\/types\/page"}],"author":[{"embeddable":true,"href":"https:\/\/villadelisle.re\/index.php\/wp-json\/wp\/v2\/users\/1"}],"replies":[{"embeddable":true,"href":"https:\/\/villadelisle.re\/index.php\/wp-json\/wp\/v2\/comments?post=1555"}],"version-history":[{"count":1,"href":"https:\/\/villadelisle.re\/index.php\/wp-json\/wp\/v2\/pages\/1555\/revisions"}],"predecessor-version":[{"id":1633,"href":"https:\/\/villadelisle.re\/index.php\/wp-json\/wp\/v2\/pages\/1555\/revisions\/1633"}],"wp:featuredmedia":[{"embeddable":true,"href":"https:\/\/villadelisle.re\/index.php\/wp-json\/wp\/v2\/media\/1434"}],"wp:attachment":[{"href":"https:\/\/villadelisle.re\/index.php\/wp-json\/wp\/v2\/media?parent=1555"}],"curies":[{"name":"wp","href":"https:\/\/api.w.org\/{rel}","templated":true}]}}